
What is the tens digit of 18?
1
What is the units digit of 4334?
4
What is the units digit of 819?
9
What is the units digit of 149241?
1
What is the tens digit of 25553?
5
What is the units digit of 8844?
4
What is the thousands digit of 1905?
1
What is the hundreds digit of 4598?
5
What is the tens digit of 6514?
1
What is the ten thousands digit of 53752?
5
What is the ten thousands digit of 53596?
5
What is the units digit of 16117?
7
What is the thousands digit of 3758?
3
What is the tens digit of 480?
8
What is the hundreds digit of 2017?
0
What is the units digit of 1714?
4
What is the tens digit of 12629?
2
What is the hundreds digit of 457?
4
What is the tens digit of 217?
1
What is the hundreds digit of 1527?
5
What is the thousands digit of 2448?
2
What is the tens digit of 203?
0
What is the ten thousands digit of 32889?
3
What is the hundreds digit of 1986?
9
What is the thousands digit of 11229?
1
What is the units digit of 3012?
2
What is the units digit of 27?
7
What is the tens digit of 9111?
1
What is the thousands digit of 1950?
1
What is the thousands digit of 15851?
5
What is the thousands digit of 5744?
5
What is the thousands digit of 4628?
4
What is the thousands digit of 3134?
3
What is the units digit of 3?
3
What is the units digit of 26345?
5
What is the units digit of 10351?
1
What is the thousands digit of 1679?
1
What is the units digit of 48816?
6
What is the hundreds digit of 9536?
5
What is the thousands digit of 84876?
4
What is the thousands digit of 6019?
6
What is the units digit of 674?
4
What is the units digit of 1689?
9
What is the hundreds digit of 1089?
0
What is the thousands digit of 6736?
6
What is the hundreds digit of 8047?
0
What is the tens digit of 7164?
6
What is the tens digit of 396?
9
What is the tens digit of 70724?
2
What is the thousands digit of 1428?
1
What is the units digit of 16504?
4
What is the tens digit of 6042?
4
What is the units digit of 790?
0
What is the units digit of 54295?
5
What is the hundreds digit of 3161?
1
What is the units digit of 3699?
9
What is the thousands digit of 2641?
2
What is the tens digit of 1840?
4
What is the tens digit of 5310?
1
What is the units digit of 259?
9
What is the thousands digit of 22361?
2
What is the thousands digit of 7975?
7
What is the tens digit of 886?
8
What is the tens digit of 2333?
3
What is the hundreds digit of 936?
9
What is the hundreds digit of 10136?
1
What is the ten thousands digit of 14844?
1
What is the tens digit of 1528?
2
What is the units digit of 95871?
1
What is the ten thousands digit of 16895?
1
What is the thousands digit of 1835?
1
What is the tens digit of 4141?
4
What is the tens digit of 652?
5
What is the thousands digit of 30336?
0
What is the hundreds digit of 5923?
9
What is the hundreds digit of 344?
3
What is the hundreds digit of 29081?
0
What is the units digit of 3383?
3
What is the thousands digit of 65412?
5
What is the hundreds digit of 425?
4
What is the tens digit of 49486?
8
What is the units digit of 18873?
3
What is the units digit of 7916?
6
What is the hundreds digit of 4835?
8
What is the tens digit of 1071?
7
What is the tens digit of 17609?
0
What is the hundreds digit of 3536?
5
What is the hundreds digit of 5702?
7
What is the units digit of 867?
7
What is the hundreds digit of 22449?
4
What is the tens digit of 7863?
6
What is the tens digit of 6414?
1
What is the tens digit of 2484?
8
What is the thousands digit of 1170?
1
What is the hundreds digit of 3981?
9
What is the ten thousands digit of 30332?
3
What is the tens digit of 23333?
3
What is the units digit of 482?
2
What is the hundreds digit of 35445?
4
What is the hundreds digit of 90808?
8
What is the hundreds digit of 772?
7
What is the units digit of 73931?
1
What is the units digit of 169?
9
What is the ten thousands digit of 11156?
1
What is the hundreds digit of 2462?
4
What is the units digit of 5462?
2
What is the units digit of 16572?
2
What is the thousands digit of 17015?
7
What is the thousands digit of 11139?
1
What is the tens digit of 1994?
9
What is the ten thousands digit of 43059?
4
What is the units digit of 9509?
9
What is the tens digit of 9508?
0
What is the thousands digit of 3955?
3
What is the thousands digit of 1029?
1
What is the tens digit of 680?
8
What is the thousands digit of 1626?
1
What is the units digit of 181?
1
What is the hundreds digit of 1276?
2
What is the tens digit of 55?
5
What is the hundreds digit of 4533?
5
What is the tens digit of 4666?
6
What is the thousands digit of 1374?
1
What is the tens digit of 91565?
6
What is the tens digit of 49779?
7
What is the tens digit of 13021?
2
What is the thousands digit of 20659?
0
What is the tens digit of 39672?
7
What is the units digit of 842?
2
What is the units digit of 6628?
8
What is the ten thousands digit of 24069?
2
What is the tens digit of 7580?
8
What is the hundreds digit of 3696?
6
What is the thousands digit of 2299?
2
What is the hundreds digit of 9902?
9
What is the units digit of 568?
8
What is the tens digit of 1100?
0
What is the units digit of 8079?
9
What is the tens digit of 846?
4
What is the units digit of 126?
6
What is the tens digit of 164500?
0
What is the hundreds digit of 1426?
4
What is the tens digit of 7817?
1
What is the units digit of 1057?
7
What is the ten thousands digit of 13545?
1
What is the units digit of 3513?
3
What is the tens digit of 34910?
1
What is the units digit of 10239?
9
What is the thousands digit of 2969?
2
What is the tens digit of 1094?
9
What is the thousands digit of 1547?
1
What is the thousands digit of 1948?
1
What is the tens digit of 437?
3
What is the hundreds digit of 1479?
4
What is the units digit of 845?
5
What is the hundreds digit of 1620?
6
What is the hundreds digit of 7200?
2
What is the ten thousands digit of 11308?
1
What is the units digit of 76041?
1
What is the tens digit of 21881?
8
What is the hundreds digit of 1429?
4
What is the units digit of 690?
0
What is the ten thousands digit of 24468?
2
What is the thousands digit of 2175?
2
What is the hundreds digit of 4181?
1
What is the thousands digit of 39855?
9
What is the ten thousands digit of 29259?
2
What is the hundreds digit of 60065?
0
What is the hundreds digit of 17058?
0
What is the units digit of 8026?
6
What is the tens digit of 2920?
2
What is the thousands digit of 1380?
1
What is the ten thousands digit of 70024?
7
What is the hundreds digit of 2390?
3
What is the units digit of 130?
0
What is the tens digit of 6497?
9
What is the hundreds digit of 5759?
7
What is the thousands digit of 2025?
2
What is the hundreds digit of 1322?
3
What is the tens digit of 7128?
2
What is the hundreds digit of 32236?
2
What is the tens digit of 45737?
3
What is the units digit of 241?
1
What is the thousands digit of 7478?
7
What is the units digit of 23238?
8
What is the hundreds digit of 1159?
1
What is the hundreds digit of 81962?
9
What is the tens digit of 500?
0
What is the units digit of 1434?
4
What is the hundreds digit of 1938?
9
What is the units digit of 923?
3
What is the hundreds digit of 11362?
3
What is the hundreds digit of 14181?
1
What is the tens digit of 877?
7
What is the tens digit of 19836?
3
What is the units digit of 59025?
5
What is the units digit of 1266?
6
What is the tens digit of 2800?
0
What is the tens digit of 2670?
7
What is the hundreds digit of 2509?
5
What is the thousands digit of 122955?
2
What is the thousands digit of 1735?
1
What is the thousands digit of 25667?
5
What is the tens digit of 1792?
9
What is the hundreds digit of 25781?
7
What is the tens digit of 577?
7
What is the hundreds digit of 62566?
5
What is the tens digit of 17050?
5
What is the tens digit of 485?
8
What is the ten thousands digit of 18957?
1
What is the hundreds digit of 39507?
5
What is the units digit of 446?
6
What is the tens digit of 151?
5
What is the hundreds digit of 3999?
9
What is the hundreds digit of 8472?
4
What is the hundreds digit of 70949?
9
What is the thousands digit of 3194?
3
What is the tens digit of 19854?
5
What is the units digit of 31510?
0
What is the thousands digit of 2638?
2
What is the hundreds digit of 67366?
3
What is the units digit of 2244?
4
W